highest common factor of 204 and 54213?
51
Calculate the highest common divisor of 96567175 and 60276.
5023
What is the highest common divisor of 103807401 and 26295?
5259
What is the greatest common divisor of 14875 and 143395?
595
What is the greatest common factor of 23984348 and 28?
4
What is the greatest common divisor of 105711 and 73146?
501
What is the greatest common divisor of 7319490 and 9977?
907
What is the highest common factor of 798 and 469875?
21
Calculate the highest common divisor of 21679785 and 405.
135
What is the greatest common divisor of 17056269 and 108?
9
What is the greatest common divisor of 4184882 and 138450?
1846
What is the highest common factor of 11166637 and 40426?
697
What is the greatest common factor of 279098860 and 39870?
4430
Calculate the greatest common factor of 6846 and 2754402.
42
What is the highest common factor of 387714 and 25776?
1074
What is the greatest common divisor of 1900 and 311335900?
1900
What is the highest common factor of 36852 and 35076?
444
What is the highest common factor of 299 and 287156311?
299
Calculate the greatest common factor of 47 and 2018956816.
47
What is the highest common divisor of 16425989 and 4121?
317
What is the greatest common factor of 6475120 and 3160?
40
What is the greatest common divisor of 17208 and 89436?
12
What is the highest common divisor of 5618 and 20246?
106
Calculate the greatest common divisor of 3355422 and 4848.
606
What is the greatest common divisor of 4632 and 589884?
12
Calculate the highest common divisor of 23030 and 118980.
10
Calculate the greatest common factor of 135 and 2092941.
9
Calculate the highest common divisor of 5185 and 41993620.
305
What is the highest common factor of 341394 and 252?
6
What is the greatest common factor of 391 and 3698945?
17
What is the highest common divisor of 824832 and 68?
4
Calculate the greatest common divisor of 837 and 6865.
1
Calculate the greatest common divisor of 605912 and 18779.
89
Calculate the greatest common divisor of 9141044 and 22.
22
Calculate the highest common factor of 2039237 and 9185.
167
Calculate the highest common divisor of 11526 and 77929207.
1921
What is the highest common factor of 5450544 and 9288?
216
What is the greatest common divisor of 17159805 and 273?
39
Calculate the greatest common divisor of 50 and 24518250.
50
Calculate the highest common divisor of 1781829608 and 39.
13
Calculate the greatest common divisor of 13238424 and 2083158.
9018
Calculate the highest common factor of 387393552 and 16317.
2331
Calculate the highest common divisor of 6120 and 161831160.
6120
Calculate the highest common divisor of 3368 and 128.
8
Calculate the greatest common divisor of 996 and 190660628.
332
Calculate the greatest common divisor of 4804764 and 63124.
1468
What is the highest common factor of 1790868 and 276?
12
Calculate the highest common factor of 64 and 13667936.
32
What is the greatest common divisor of 306 and 5941449?
153
Calculate the highest common factor of 984038 and 242.
22
Calculate the highest common divisor of 1608276 and 1073076.
2676
Calculate the highest common factor of 903360 and 1312.
32
What is the highest common factor of 332 and 65240822?
166
What is the greatest common factor of 210996 and 572344233?
17583
Calculate the greatest common factor of 7730910 and 180.
90
Calculate the greatest common factor of 440695 and 4989.
1663
Calculate the greatest common factor of 132458954 and 2.
2
What is the greatest common factor of 549 and 71897040?
549
What is the highest common divisor of 98169 and 2365?
43
What is the highest common divisor of 3948 and 372312?
12
Calculate the greatest common divisor of 9357372 and 29493.
261
What is the highest common divisor of 60 and 95505?
15
Calculate the highest common factor of 371717465 and 14980.
3745
Calculate the greatest common factor of 1962 and 830682.
18
What is the highest common divisor of 57626868 and 3588?
3588
Calculate the greatest common factor of 47213 and 70246.
31
Calculate the highest common divisor of 42924527 and 197.
197
What is the greatest common divisor of 44280711 and 34043?
577
Calculate the greatest common divisor of 3289644 and 48231.
207
Calculate the greatest common factor of 26 and 544956659.
13
Calculate the highest common factor of 44 and 114830496.
44
Calculate the greatest common factor of 14558679 and 3455.
691
Calculate the greatest common divisor of 47712 and 29652.
84
What is the highest common divisor of 17343 and 23087387?
1927
What is the greatest common factor of 2191374 and 2430?
486
What is the highest common divisor of 37598 and 415734?
22
Calculate the greatest common factor of 1070889 and 1218186.
3981
What is the greatest common factor of 8 and 36662888?
8
What is the highest common divisor of 1080 and 18880560?
1080
Calculate the highest common divisor of 108 and 2798118.
54
What is the greatest common divisor of 400437 and 9639?
27
Calculate the greatest common divisor of 4818143 and 1078.
11
What is the greatest common factor of 40945880 and 3280?
1640
What is the greatest common factor of 416 and 20411768?
104
Calculate the highest common divisor of 4841 and 3259.
1
Calculate the highest common divisor of 68 and 177738995.
17
Calculate the highest common divisor of 11203 and 1209499.
17
What is the highest common divisor of 410019 and 1576671?
4227
Calculate the greatest common divisor of 18124 and 3283596.
788
What is the highest common divisor of 47 and 26410381?
47
Calculate the highest common divisor of 126 and 2333016.
126
Calculate the greatest common factor of 89413271 and 1999.
1999
What is the highest common divisor of 78900848 and 4448?
2224
What is the greatest common divisor of 527 and 101677?
17
What is the highest common factor of 1313 and 16943303?
13
Calculate the highest common divisor of 811415962 and 67.
67
Calculate the greatest common factor of 48773304 and 3838.
3838
What is the highest common divisor of 872408961 and 9?
9
Calculate the greatest common factor of 6655994 and 438.
146
Calculate the greatest common factor of 372147 and 969.
51
Calculate the highest common factor of 96794696 and 13008.
2168
Calculate the greatest common factor of 2875128 and 408.
24
What is the greatest common divisor of 8 and 584157848?
8
What is the greatest common divisor of 8412 and 1174876?
2804
What is the highest common divisor of 213235 and 14410?
55
What is the greatest common factor of 634931049 and 813?
813
What is the greatest common divisor of 143156 and 11336?
52
What is the greatest common factor of 143670 and 18670?
10
What is the greatest common divisor of 161998 and 1901584?
1514
Calculate the greatest common factor of 49555 and 311916.
187
Calculate the highest common divisor of 71 and 37907965.
71
Calculate the highest common factor of 962 and 1860534.
26
Calculate the highest common factor of 173749 and 745685.
293
What is the highest common factor of 405 and 487810080?
135
What is the highest common divisor of 1204960 and 17510?
170
Calculate the greatest common divisor of 153787643 and 1928.
241
Calculate the greatest common divisor of 225 and 287015355.
45
What is the highest common divisor of 48357 and 31243?
199
What is the greatest common factor of 13740 and 505140?
60
Calculate the highest common factor of 2051712 and 18304.
1664
Calculate the greatest common divisor of 3430 and 104020.
70
Calculate the highest common divisor of 1272 and 10424464.
424
Calculate the highest common divisor of 418 and 15458932.
38
Calculate the highest common factor of 836 and 290048.
44
What is the greatest common factor of 381010 and 2765?
35
What is the highest common factor of 2072 and 119523061?
259
Calculate the greatest common factor of 3756600 and 2430.
90
What is the highest common factor of 1013 and 60505477?
1013
Calculate the highest common factor of 182697474 and 3756.
1878
What is the highest common divisor of 1663860 and 1014090?
330
Calculate the highest common factor of 5389302 and 6862.
94
Calculate the greatest common factor of 33784 and 85739569.
4223
Calculate the highest common factor of 1720 and 34128670.
430
Calculate the highest common factor of 3024 and 595731528.
504
Calculate the highest common divisor of 30979689 a